{"id":572,"date":"2025-02-25T02:24:55","date_gmt":"2025-02-25T05:24:55","guid":{"rendered":"https:\/\/saept.ic.ufmt.br\/?page_id=572"},"modified":"2025-03-09T12:47:27","modified_gmt":"2025-03-09T15:47:27","slug":"instrucoes-para-editais","status":"publish","type":"page","link":"https:\/\/saept.ic.ufmt.br\/index.php\/instrucoes-para-editais\/","title":{"rendered":"Cria\u00e7\u00e3o de Editais"},"content":{"rendered":"\n<div class=\"wp-block-columns is-layout-flex wp-container-core-columns-is-layout-28f84493 wp-block-columns-is-layout-flex\">\n<div class=\"wp-block-column is-layout-flow wp-block-column-is-layout-flow\">\n<h4 class=\"wp-block-heading\"><strong> 1 &#8211; Configurar Grupo de Editais Sistema SGC<\/strong><\/h4>\n\n\n\n<p class=\"has-contrast-color has-text-color has-link-color wp-elements-ed446cce73bc7457254842825648207e\">Para ver o PDF, <a href=\"https:\/\/saept.ic.ufmt.br\/wp-content\/uploads\/2025\/02\/Configurar-Grupo-Editais.pdf\" data-type=\"attachment\" data-id=\"568\">clique aqui<\/a><\/p>\n<\/div>\n\n\n\n<div class=\"wp-block-column is-layout-flow wp-block-column-is-layout-flow\">\n<h4 class=\"wp-block-heading\"><\/h4>\n<\/div>\n<\/div>\n\n\n\n<h4 class=\"wp-block-heading\"><strong>2 &#8211; <mark style=\"background-color:rgba(0, 0, 0, 0)\" class=\"has-inline-color has-contrast-color\">Criar Edital<\/mark><\/strong><\/h4>\n\n\n\n<p class=\"has-contrast-color has-text-color has-link-color wp-elements-79d91c3588938e874464aa9455894a69\"><mark style=\"background-color:rgba(0, 0, 0, 0)\" class=\"has-inline-color has-contrast-color\">Para ver o PDF, <a href=\"https:\/\/saept.ic.ufmt.br\/wp-content\/uploads\/2025\/02\/Criar-Edital-atualizado.pdf\">clique aqui<\/a><\/mark><\/p>\n\n\n\n<h4 class=\"wp-block-heading\"><strong>3 &#8211; <mark style=\"background-color:rgba(0, 0, 0, 0)\" class=\"has-inline-color has-contrast-color\">Criar Oferta de Vagas<\/mark><\/strong><\/h4>\n\n\n\n<p class=\"has-contrast-color has-text-color has-link-color wp-elements-80a00e941048997634d853c522a3d23a\"><mark style=\"background-color:rgba(0, 0, 0, 0)\" class=\"has-inline-color has-contrast-color\">Para ver o PDF, <a href=\"https:\/\/saept.ic.ufmt.br\/wp-content\/uploads\/2025\/02\/Ofertas-de-Vaga.pdf\" data-type=\"attachment\" data-id=\"588\">clique aqui<\/a><\/mark><\/p>\n\n\n\n<h4 class=\"wp-block-heading\"><strong>4 &#8211; <mark style=\"background-color:rgba(0, 0, 0, 0)\" class=\"has-inline-color has-contrast-color\">Definir Per\u00edodo de Inscri\u00e7\u00e3o<\/mark><\/strong><\/h4>\n\n\n\n<p class=\"has-contrast-color has-text-color has-link-color wp-elements-4482114e124229f0e8dc9123aec2222e\"><mark style=\"background-color:rgba(0, 0, 0, 0)\" class=\"has-inline-color has-contrast-color\">Para ver o PDF, <a href=\"https:\/\/saept.ic.ufmt.br\/wp-content\/uploads\/2025\/02\/Periodo-de-Inscricao-1.pdf\" data-type=\"attachment\" data-id=\"590\">clique aqui<\/a><\/mark><\/p>\n\n\n\n<h4 class=\"wp-block-heading\"><strong>5 &#8211; <mark style=\"background-color:rgba(0, 0, 0, 0)\" class=\"has-inline-color has-contrast-color\">Criar Etapas de Prova<\/mark><\/strong><\/h4>\n\n\n\n<p class=\"has-contrast-color has-text-color has-link-color wp-elements-24719dca38eca95cb63f95749203a1aa\"><mark style=\"background-color:rgba(0, 0, 0, 0)\" class=\"has-inline-color has-contrast-color\">Para ver o PDF, <a href=\"https:\/\/saept.ic.ufmt.br\/wp-content\/uploads\/2025\/03\/Etapas-de-Prova-1.pdf\" data-type=\"link\" data-id=\"https:\/\/saept.ic.ufmt.br\/wp-content\/uploads\/2025\/03\/Etapas-de-Prova-1.pdf\">clique aqui<\/a><\/mark><\/p>\n\n\n\n<h4 class=\"wp-block-heading\"><strong>6 &#8211; <mark style=\"background-color:rgba(0, 0, 0, 0)\" class=\"has-inline-color has-contrast-color\">Criar Prova Gen\u00e9rica<\/mark><\/strong><\/h4>\n\n\n\n<p class=\"has-contrast-color has-text-color has-link-color wp-elements-8963f75f1aea02e6d8b2f65d19e57521\"><mark style=\"background-color:rgba(0, 0, 0, 0)\" class=\"has-inline-color has-contrast-color\">Para ver o PDF, <a href=\"https:\/\/saept.ic.ufmt.br\/wp-content\/uploads\/2025\/03\/Criacao-de-Prova-Generica.pdf\" data-type=\"attachment\" data-id=\"605\">clique aqui<\/a><\/mark><\/p>\n\n\n\n<h4 class=\"wp-block-heading\"><strong>7 &#8211; <mark style=\"background-color:rgba(0, 0, 0, 0)\" class=\"has-inline-color has-contrast-color\">Habilitar Candidatos a Prova<\/mark><\/strong><\/h4>\n\n\n\n<p class=\"has-contrast-color has-text-color has-link-color wp-elements-c6926c00fb2dbabb21ca8b27b20a4e5f\"><mark style=\"background-color:rgba(0, 0, 0, 0)\" class=\"has-inline-color has-contrast-color\">Para ver o PDF, <a href=\"https:\/\/saept.ic.ufmt.br\/wp-content\/uploads\/2025\/03\/Habilitar-Candidatos-a-Prova.pdf\" data-type=\"attachment\" data-id=\"608\">clique aqui<\/a><\/mark><\/p>\n","protected":false},"excerpt":{"rendered":"<p>1 &#8211; Configurar Grupo de Editais Sistema SGC Para ver o PDF, clique aqui 2 &#8211; Criar Edital Para ver o PDF, clique aqui 3 &#8211; Criar Oferta de Vagas Para ver o PDF, clique aqui 4 &#8211; Definir Per\u00edodo de Inscri\u00e7\u00e3o Para ver o PDF, clique aqui 5 &#8211; Criar Etapas de Prova Para [&hellip;]<\/p>\n","protected":false},"author":4,"featured_media":0,"parent":0,"menu_order":0,"comment_status":"closed","ping_status":"closed","template":"","meta":{"footnotes":""},"class_list":["post-572","page","type-page","status-publish","hentry"],"_links":{"self":[{"href":"https:\/\/saept.ic.ufmt.br\/index.php\/wp-json\/wp\/v2\/pages\/572","targetHints":{"allow":["GET"]}}],"collection":[{"href":"https:\/\/saept.ic.ufmt.br\/index.php\/wp-json\/wp\/v2\/pages"}],"about":[{"href":"https:\/\/saept.ic.ufmt.br\/index.php\/wp-json\/wp\/v2\/types\/page"}],"author":[{"embeddable":true,"href":"https:\/\/saept.ic.ufmt.br\/index.php\/wp-json\/wp\/v2\/users\/4"}],"replies":[{"embeddable":true,"href":"https:\/\/saept.ic.ufmt.br\/index.php\/wp-json\/wp\/v2\/comments?post=572"}],"version-history":[{"count":11,"href":"https:\/\/saept.ic.ufmt.br\/index.php\/wp-json\/wp\/v2\/pages\/572\/revisions"}],"predecessor-version":[{"id":609,"href":"https:\/\/saept.ic.ufmt.br\/index.php\/wp-json\/wp\/v2\/pages\/572\/revisions\/609"}],"wp:attachment":[{"href":"https:\/\/saept.ic.ufmt.br\/index.php\/wp-json\/wp\/v2\/media?parent=572"}],"curies":[{"name":"wp","href":"https:\/\/api.w.org\/{rel}","templated":true}]}}