{"id":358,"date":"2024-08-26T11:59:22","date_gmt":"2024-08-26T14:59:22","guid":{"rendered":"https:\/\/saept.ic.ufmt.br\/?page_id=358"},"modified":"2025-02-27T23:31:07","modified_gmt":"2025-02-28T02:31:07","slug":"tutoriais-2","status":"publish","type":"page","link":"https:\/\/saept.ic.ufmt.br\/index.php\/tutoriais-2\/","title":{"rendered":"Tutoriais"},"content":{"rendered":"\n<h2 class=\"wp-block-heading has-text-align-center has-contrast-color has-text-color has-link-color wp-elements-0372db30e792d91f296c81c7ae7f965e\" style=\"font-size:clamp(14.642px, 0.915rem + ((1vw - 3.2px) * 0.897), 22px);\"><strong>Tutoriais do SUAP<\/strong><\/h2>\n\n\n\n<div class=\"wp-block-columns is-layout-flex wp-container-core-columns-is-layout-28f84493 wp-block-columns-is-layout-flex\">\n<div class=\"wp-block-column is-layout-flow wp-block-column-is-layout-flow\">\n<div class=\"wp-block-group has-border-color has-base-background-color has-background has-global-padding is-layout-constrained wp-container-core-group-is-layout-80fb368b wp-block-group-is-layout-constrained\" style=\"border-color:#f5f5f585;border-width:1px;border-radius:8px;padding-top:var(--wp--preset--spacing--30);padding-right:var(--wp--preset--spacing--30);padding-bottom:var(--wp--preset--spacing--30);padding-left:var(--wp--preset--spacing--30)\">\n<figure class=\"wp-block-image aligncenter size-full is-resized\"><a href=\"https:\/\/saept.ic.ufmt.br\/index.php\/funcionalidades-administrativas\/\"><img loading=\"lazy\" decoding=\"async\" width=\"512\" height=\"512\" src=\"https:\/\/saept.ic.ufmt.br\/wp-content\/uploads\/2024\/08\/administrador-icone-1.png\" alt=\"\" class=\"wp-image-367\" style=\"width:91px\"\/><\/a><\/figure>\n\n\n\n<h3 class=\"wp-block-heading has-text-align-center\" style=\"font-size:clamp(14.082px, 0.88rem + ((1vw - 3.2px) * 0.844), 21px);font-style:normal;font-weight:500\"><a href=\"https:\/\/saept.ic.ufmt.br\/index.php\/funcionalidades-administrativas\/\" data-type=\"link\" data-id=\"https:\/\/saept.ic.ufmt.br\/index.php\/funcionalidades-administrativas\/\">Tutoriais de Funcionalidades Administrativas<\/a><\/h3>\n<\/div>\n<\/div>\n\n\n\n<div class=\"wp-block-column is-layout-flow wp-block-column-is-layout-flow\">\n<div class=\"wp-block-group has-border-color has-base-background-color has-background has-global-padding is-layout-constrained wp-container-core-group-is-layout-80fb368b wp-block-group-is-layout-constrained\" style=\"border-color:#f5f5f585;border-width:1px;border-radius:8px;padding-top:var(--wp--preset--spacing--30);padding-right:var(--wp--preset--spacing--30);padding-bottom:var(--wp--preset--spacing--30);padding-left:var(--wp--preset--spacing--30)\">\n<figure class=\"wp-block-image aligncenter size-full is-resized\"><a href=\"https:\/\/saept.ic.ufmt.br\/index.php\/professores-2\/\"><img loading=\"lazy\" decoding=\"async\" width=\"512\" height=\"512\" src=\"https:\/\/saept.ic.ufmt.br\/wp-content\/uploads\/2024\/08\/professores-icone-1.png\" alt=\"\" class=\"wp-image-368\" style=\"width:91px\"\/><\/a><\/figure>\n\n\n\n<h3 class=\"wp-block-heading has-text-align-center\" style=\"font-size:clamp(14.082px, 0.88rem + ((1vw - 3.2px) * 0.844), 21px);font-style:normal;font-weight:500\"><a href=\"https:\/\/saept.ic.ufmt.br\/index.php\/professores-2\/\" data-type=\"link\" data-id=\"https:\/\/saept.ic.ufmt.br\/index.php\/professores-2\/\">Tutoriais de Funcionalidades para Professores<\/a><\/h3>\n<\/div>\n<\/div>\n\n\n\n<div class=\"wp-block-column is-layout-flow wp-block-column-is-layout-flow\">\n<div class=\"wp-block-group has-border-color has-base-background-color has-background has-global-padding is-layout-constrained wp-container-core-group-is-layout-80fb368b wp-block-group-is-layout-constrained\" style=\"border-color:#f5f5f585;border-width:1px;border-radius:8px;padding-top:var(--wp--preset--spacing--30);padding-right:var(--wp--preset--spacing--30);padding-bottom:var(--wp--preset--spacing--30);padding-left:var(--wp--preset--spacing--30)\">\n<figure class=\"wp-block-image aligncenter size-full is-resized\"><a href=\"https:\/\/saept.ic.ufmt.br\/index.php\/alunos\/\"><img loading=\"lazy\" decoding=\"async\" width=\"512\" height=\"512\" src=\"https:\/\/saept.ic.ufmt.br\/wp-content\/uploads\/2024\/10\/audience_4497279.png\" alt=\"\" class=\"wp-image-468\" style=\"width:91px\"\/><\/a><\/figure>\n\n\n\n<h3 class=\"wp-block-heading has-text-align-center\" style=\"font-size:clamp(14.082px, 0.88rem + ((1vw - 3.2px) * 0.844), 21px);font-style:normal;font-weight:500\"><a href=\"https:\/\/saept.ic.ufmt.br\/index.php\/alunos\/\" data-type=\"link\" data-id=\"https:\/\/saept.ic.ufmt.br\/index.php\/alunos\/\">Tutoriais de Funcionalidades para Alunos<\/a><\/h3>\n<\/div>\n<\/div>\n<\/div>\n\n\n\n<h4 class=\"wp-block-heading has-text-align-center\"><mark style=\"background-color:rgba(0, 0, 0, 0)\" class=\"has-inline-color has-contrast-color\"><strong>Tutoriais do SGC<\/strong><\/mark><\/h4>\n\n\n\n<div class=\"wp-block-group has-global-padding is-layout-constrained wp-block-group-is-layout-constrained\">\n<div class=\"wp-block-columns is-layout-flex wp-container-core-columns-is-layout-28f84493 wp-block-columns-is-layout-flex\">\n<div class=\"wp-block-column is-layout-flow wp-block-column-is-layout-flow\" style=\"flex-basis:100%\">\n<div class=\"wp-block-group is-nowrap is-layout-flex wp-container-core-group-is-layout-6c531013 wp-block-group-is-layout-flex\">\n<div class=\"wp-block-group has-border-color has-base-background-color has-background has-global-padding is-content-justification-center is-layout-constrained wp-container-core-group-is-layout-edf83851 wp-block-group-is-layout-constrained\" style=\"border-color:#f5f5f585;border-width:1px;border-radius:8px;padding-top:var(--wp--preset--spacing--30);padding-right:var(--wp--preset--spacing--30);padding-bottom:var(--wp--preset--spacing--30);padding-left:var(--wp--preset--spacing--30)\">\n<figure class=\"wp-block-image aligncenter size-full is-resized\"><a href=\"https:\/\/saept.ic.ufmt.br\/index.php\/instrucoes-para-editais\/\"><img loading=\"lazy\" decoding=\"async\" width=\"512\" height=\"512\" src=\"https:\/\/saept.ic.ufmt.br\/wp-content\/uploads\/2025\/02\/mesa.png\" alt=\"\" class=\"wp-image-582\" style=\"width:91px\"\/><\/a><\/figure>\n\n\n\n<h3 class=\"wp-block-heading has-text-align-center\" style=\"font-size:clamp(14.082px, 0.88rem + ((1vw - 3.2px) * 0.844), 21px);font-style:normal;font-weight:500\"><a href=\"https:\/\/saept.ic.ufmt.br\/index.php\/instrucoes-para-editais\/\" data-type=\"page\" data-id=\"572\">Tutoriais de Cria\u00e7\u00e3o de Editais<\/a><\/h3>\n<\/div>\n\n\n\n<div class=\"wp-block-group has-global-padding is-layout-constrained wp-block-group-is-layout-constrained\">\n<div class=\"wp-block-columns is-layout-flex wp-container-core-columns-is-layout-28f84493 wp-block-columns-is-layout-flex\">\n<div class=\"wp-block-column is-layout-flow wp-block-column-is-layout-flow\" style=\"flex-basis:100%\">\n<div class=\"wp-block-group has-global-padding is-content-justification-center is-layout-constrained wp-block-group-is-layout-constrained\">\n<div class=\"wp-block-group alignwide has-border-color has-base-background-color has-background has-global-padding is-content-justification-right is-layout-constrained wp-container-core-group-is-layout-9778699f wp-block-group-is-layout-constrained\" style=\"border-color:#f5f5f585;border-width:1px;border-radius:8px;padding-top:var(--wp--preset--spacing--30);padding-right:var(--wp--preset--spacing--30);padding-bottom:var(--wp--preset--spacing--30);padding-left:var(--wp--preset--spacing--30)\">\n<figure class=\"wp-block-image aligncenter size-full is-resized\"><a href=\"https:\/\/saept.ic.ufmt.br\/index.php\/participacao-em-selecao\/\"><img loading=\"lazy\" decoding=\"async\" width=\"512\" height=\"512\" src=\"https:\/\/saept.ic.ufmt.br\/wp-content\/uploads\/2025\/02\/estude.png\" alt=\"\" class=\"wp-image-558\" style=\"width:91px\"\/><\/a><\/figure>\n\n\n\n<h3 class=\"wp-block-heading has-text-align-center\" style=\"font-size:clamp(14.082px, 0.88rem + ((1vw - 3.2px) * 0.844), 21px);font-style:normal;font-weight:500\"><a href=\"https:\/\/saept.ic.ufmt.br\/index.php\/participacao-em-selecao\/\">Tutoriais de Funcionalidades para Participantes em sele\u00e7\u00e3o<\/a><\/h3>\n<\/div>\n<\/div>\n<\/div>\n<\/div>\n<\/div>\n<\/div>\n<\/div>\n<\/div>\n<\/div>\n","protected":false},"excerpt":{"rendered":"<p>Tutoriais do SUAP Tutoriais de Funcionalidades Administrativas Tutoriais de Funcionalidades para Professores Tutoriais de Funcionalidades para Alunos Tutoriais do SGC Tutoriais de Cria\u00e7\u00e3o de Editais Tutoriais de Funcionalidades para Participantes em sele\u00e7\u00e3o<\/p>\n","protected":false},"author":3,"featured_media":0,"parent":0,"menu_order":0,"comment_status":"closed","ping_status":"closed","template":"","meta":{"footnotes":""},"class_list":["post-358","page","type-page","status-publish","hentry"],"_links":{"self":[{"href":"https:\/\/saept.ic.ufmt.br\/index.php\/wp-json\/wp\/v2\/pages\/358","targetHints":{"allow":["GET"]}}],"collection":[{"href":"https:\/\/saept.ic.ufmt.br\/index.php\/wp-json\/wp\/v2\/pages"}],"about":[{"href":"https:\/\/saept.ic.ufmt.br\/index.php\/wp-json\/wp\/v2\/types\/page"}],"author":[{"embeddable":true,"href":"https:\/\/saept.ic.ufmt.br\/index.php\/wp-json\/wp\/v2\/users\/3"}],"replies":[{"embeddable":true,"href":"https:\/\/saept.ic.ufmt.br\/index.php\/wp-json\/wp\/v2\/comments?post=358"}],"version-history":[{"count":14,"href":"https:\/\/saept.ic.ufmt.br\/index.php\/wp-json\/wp\/v2\/pages\/358\/revisions"}],"predecessor-version":[{"id":600,"href":"https:\/\/saept.ic.ufmt.br\/index.php\/wp-json\/wp\/v2\/pages\/358\/revisions\/600"}],"wp:attachment":[{"href":"https:\/\/saept.ic.ufmt.br\/index.php\/wp-json\/wp\/v2\/media?parent=358"}],"curies":[{"name":"wp","href":"https:\/\/api.w.org\/{rel}","templated":true}]}}